06-05 16:42:00.586: D/dalvikvm(201): GC_CONCURRENT freed 380K, 6% free 7968K/8455K, paused 7ms+9ms
06-05 16:42:05.807: D/AndroidRuntime(630): >>>>>> AndroidRuntime START com.android.internal.os.RuntimeInit <<<<<<
06-05 16:42:05.807: D/AndroidRuntime(630): CheckJNI is ON
06-05 16:42:06.987: D/AndroidRuntime(630): Calling main entry com.android.commands.pm.Pm
06-05 16:42:07.067: I/ActivityManager(81): Start proc com.android.defcontainer for service com.android.defcontainer/.DefaultContainerService: pid=640 uid=10010 gids={1015, 2001}
06-05 16:42:07.397: W/ActivityManager(81): No content provider found for permission revoke: file:///data/local/tmp/app.apk
06-05 16:42:08.606: W/ActivityManager(81): No content provider found for permission revoke: file:///data/local/tmp/app.apk
06-05 16:42:08.967: D/dalvikvm(81): GC_CONCURRENT freed 599K, 11% free 9427K/10567K, paused 10ms+14ms
06-05 16:42:10.316: D/dalvikvm(81): GC_CONCURRENT freed 576K, 11% free 9499K/10567K, paused 8ms+13ms
06-05 16:42:13.057: W/ThrottleService(81): unable to find stats for iface rmnet0
06-05 16:42:13.686: I/PackageManager(81): Running dexopt on: com.appcelerator.sample.todo
06-05 16:42:15.277: D/dalvikvm(656): DexOpt: 'Lorg/apache/commons/codec/binary/Base64;' has an earlier definition; blocking out
06-05 16:42:15.277: D/dalvikvm(656): DexOpt: 'Lorg/apache/commons/codec/binary/Hex;' has an earlier definition; blocking out
06-05 16:42:15.386: D/dalvikvm(656): DexOpt: 'Lorg/w3c/dom/UserDataHandler;' has an earlier definition; blocking out
06-05 16:42:16.157: D/dalvikvm(656): DexOpt: not verifying/optimizing 'Lorg/apache/commons/codec/binary/Base64;': multiple definitions
06-05 16:42:16.157: D/dalvikvm(656): DexOpt: not verifying/optimizing 'Lorg/apache/commons/codec/binary/Hex;': multiple definitions
06-05 16:42:16.157: I/dalvikvm(656): DexOpt: not resolving ambiguous class 'Lorg/apache/commons/codec/binary/Hex;'
06-05 16:42:16.836: I/dalvikvm(656): DexOpt: not resolving ambiguous class 'Lorg/apache/commons/codec/binary/Base64;'
06-05 16:42:16.877: I/dalvikvm(656): DexOpt: not resolving ambiguous class 'Lorg/apache/commons/codec/binary/Base64;'
06-05 16:42:18.077: D/dalvikvm(656): DexOpt: not verifying/optimizing 'Lorg/w3c/dom/UserDataHandler;': multiple definitions
06-05 16:42:18.456: I/dalvikvm(656): DexOpt: not resolving ambiguous class 'Lorg/apache/commons/codec/binary/Hex;'
06-05 16:42:19.097: I/dalvikvm(656): DexOpt: not resolving ambiguous class 'Lorg/apache/commons/codec/binary/Base64;'
06-05 16:42:19.127: D/dalvikvm(656): DexOpt: load 531ms, verify+opt 3493ms
06-05 16:42:19.327: I/ActivityManager(81): Force stopping package com.appcelerator.sample.todo uid=10045
06-05 16:42:19.657: D/PackageManager(81): New package installed in /data/app/com.appcelerator.sample.todo-1.apk
06-05 16:42:20.117: D/PackageManager(81): generateServicesMap(android.accounts.AccountAuthenticator): 3 services unchanged
06-05 16:42:20.227: D/PackageManager(81): generateServicesMap(android.content.SyncAdapter): 5 services unchanged
06-05 16:42:20.267: I/ActivityManager(81): Start proc com.google.android.apps.maps for broadcast com.google.android.apps.maps/com.google.android.location.internal.NlpPackageUpdateReceiver: pid=657 uid=10024 gids={3003, 1015}
06-05 16:42:20.486: D/BackupManagerService(81): Received broadcast Intent { act=android.intent.action.PACKAGE_ADDED dat=package:com.appcelerator.sample.todo flg=0x10000010 (has extras) }
06-05 16:42:20.597: D/dalvikvm(37): GC_EXPLICIT freed 38K, 5% free 6474K/6787K, paused 15ms+55ms
06-05 16:42:20.846: D/dalvikvm(37): GC_EXPLICIT freed <1K, 5% free 6474K/6787K, paused 5ms+15ms
06-05 16:42:20.947: D/dalvikvm(37): GC_EXPLICIT freed <1K, 5% free 6474K/6787K, paused 18ms+5ms
06-05 16:42:21.647: D/dalvikvm(81): GC_CONCURRENT freed 621K, 9% free 9639K/10567K, paused 8ms+17ms
06-05 16:42:22.117: V/BackupManagerService(81): addPackageParticipantsLocked: #1
06-05 16:42:22.117: I/AccountTypeManager(389): Loaded meta-data for 1 account types, 0 accounts in 1163ms(wall) 9ms(cpu)
06-05 16:42:22.117: W/RecognitionManagerService(81): no available voice recognition services found
06-05 16:42:22.267: D/dalvikvm(657): GC_CONCURRENT freed 174K, 4% free 6804K/7047K, paused 7ms+36ms
06-05 16:42:22.816: I/ActivityThread(657): Pub com.google.android.maps.LocalSuggestionProvider: com.google.googlenav.provider.LocalSuggestionProvider
06-05 16:42:22.826: I/ActivityThread(657): Pub com.google.android.maps.LayerInfoProvider: com.google.googlenav.layer.LayerInfoProvider
06-05 16:42:22.966: I/ActivityThread(657): Pub com.google.android.maps.TrafficAppWidgetProvider: com.google.googlenav.appwidget.traffic.TrafficAppWidgetProvider
06-05 16:42:22.987: I/ActivityThread(657): Pub com.google.android.maps.SuggestionProvider: com.google.googlenav.suggest.android.SuggestProvider
06-05 16:42:23.047: I/ActivityThread(657): Pub com.google.android.maps.SearchHistoryProvider: com.google.googlenav.provider.SearchHistoryProvider
06-05 16:42:23.047: I/ActivityThread(657): Pub com.google.android.maps.LocalActivePlacesProvider: com.google.googlenav.provider.LocalActivePlacesProvider
06-05 16:42:23.057: I/ActivityThread(657): Pub com.google.android.maps.NavigationAvailabilityProvider: com.google.googlenav.provider.NavigationAvailabilityProvider
06-05 16:42:23.127: D/dalvikvm(657): GC_CONCURRENT freed 223K, 5% free 7109K/7431K, paused 6ms+5ms
06-05 16:42:23.377: I/System.out(657): VectorGlobalState: Server:https://mobilemaps.clients.google.com/glm/mmap Type:3
06-05 16:42:23.516: I/ActivityThread(657): Pub com.google.android.maps.StarredItemProvider: com.google.googlenav.provider.StarredItemProvider
06-05 16:42:23.837: D/dalvikvm(657): GC_CONCURRENT freed 366K, 6% free 7313K/7751K, paused 7ms+9ms
06-05 16:42:23.987: I/ActivityManager(81): Start proc com.svox.pico for broadcast com.svox.pico/.VoiceDataInstallerReceiver: pid=672 uid=10030 gids={1015}
06-05 16:42:24.257: I/ActivityThread(672): Pub com.svox.pico.providers.SettingsProvider: com.svox.pico.providers.SettingsProvider
06-05 16:42:24.327: I/ActivityManager(81): Start proc com.android.quicksearchbox for broadcast com.android.quicksearchbox/.CorporaUpdateReceiver: pid=686 uid=10033 gids={3003}
06-05 16:42:24.327: I/ActivityManager(81): No longer want com.android.contacts (pid 389): hidden #16
06-05 16:42:24.696: I/ActivityThread(686): Pub com.android.quicksearchbox.google: com.android.quicksearchbox.google.GoogleSuggestionProvider
06-05 16:42:24.766: I/ActivityThread(686): Pub com.android.quicksearchbox.shortcuts: com.android.quicksearchbox.ShortcutsProvider
06-05 16:42:24.806: I/ActivityManager(81): No longer want com.google.android.apps.maps:FriendService (pid 521): hidden #16
06-05 16:42:25.167: D/dalvikvm(81): GC_EXPLICIT freed 574K, 11% free 9506K/10567K, paused 107ms+42ms
06-05 16:42:25.167: D/AndroidRuntime(630): Shutting down VM
06-05 16:42:25.197: I/AndroidRuntime(630): NOTE: attach of thread 'Binder Thread #3' failed
06-05 16:42:25.197: D/dalvikvm(630): GC_CONCURRENT freed 97K, 78% free 450K/2048K, paused 1ms+2ms
06-05 16:42:26.007: D/AndroidRuntime(706): >>>>>> AndroidRuntime START com.android.internal.os.RuntimeInit <<<<<<
06-05 16:42:26.007: D/AndroidRuntime(706): CheckJNI is ON
06-05 16:42:27.116: D/AndroidRuntime(706): Calling main entry com.android.commands.am.Am
06-05 16:42:27.167: I/ActivityManager(81): START {act=android.intent.action.MAIN cat=[android.intent.category.LAUNCHER] flg=0x10000000 cmp=com.appcelerator.sample.todo/.SampleTodoActivity} from pid 706
06-05 16:42:27.347: D/dalvikvm(81): GC_FOR_ALLOC freed 66K, 11% free 9467K/10567K, paused 140ms
06-05 16:42:27.367: I/dalvikvm-heap(81): Grow heap (frag case) to 9.902MB for 614416-byte allocation
06-05 16:42:27.526: D/dalvikvm(81): GC_FOR_ALLOC freed 3K, 11% free 10063K/11207K, paused 137ms
06-05 16:42:27.526: D/PermissionCache(36): checking android.permission.READ_FRAME_BUFFER for uid=1000 => granted (340083 us)
06-05 16:42:27.537: W/WindowManager(81): Failure taking screenshot for (120x180) to layer 21000
06-05 16:42:27.596: D/AndroidRuntime(706): Shutting down VM
06-05 16:42:27.636: I/AndroidRuntime(706): NOTE: attach of thread 'Binder Thread #3' failed
06-05 16:42:27.636: D/dalvikvm(706): GC_CONCURRENT freed 99K, 77% free 480K/2048K, paused 2ms+2ms
06-05 16:42:27.676: I/ActivityManager(81): Start proc com.appcelerator.sample.todo for activity com.appcelerator.sample.todo/.SampleTodoActivity: pid=716 uid=10045 gids={1015, 3003}
06-05 16:42:28.077: I/dalvikvm(716): Turning on JNI app bug workarounds for target SDK version 8...
06-05 16:42:28.127: W/NetworkManagementSocketTagger(81): setKernelCountSet(10045, 1) failed with errno -2
06-05 16:42:28.287: I/TiApplication(716): (main) [0,0] checkpoint, app created.
06-05 16:42:28.476: I/TiApplication(716): (main) [194,194] Titanium 2.1.0 (2012/06/05 12:49 9c94ef8)
06-05 16:42:28.656: I/Process(81): Sending signal. PID: 716 SIG: 3
06-05 16:42:28.656: I/dalvikvm(716): threadid=3: reacting to signal 3
06-05 16:42:28.836: I/dalvikvm(716): Wrote stack traces to '/data/anr/traces.txt'
06-05 16:42:28.876: D/dalvikvm(716): GC_CONCURRENT freed 297K, 6% free 6648K/7047K, paused 9ms+5ms
06-05 16:42:28.926: I/TiDbHelper(716): (main) [451,645] No value in database for platform key: 'unique_machine_id' returning supplied default ''
06-05 16:42:28.957: I/TiDbHelper(716): (main) [25,670] No value in database for platform key: 'hardware_machine_id' returning supplied default ''
06-05 16:42:29.147: I/Process(81): Sending signal. PID: 716 SIG: 3
06-05 16:42:29.147: I/dalvikvm(716): threadid=3: reacting to signal 3
06-05 16:42:29.167: D/TiFastDev(716): (main) [214,884] Enabling Fastdev on port 58423
06-05 16:42:29.177: I/dalvikvm(716): Wrote stack traces to '/data/anr/traces.txt'
06-05 16:42:29.206: D/TiFastDev(716): (main) [38,922] sent tokens successfully
06-05 16:42:29.206: D/TiFastDev(716): (main) [2,924] Fastdev session handshake succesful.
06-05 16:42:29.217: I/TiApplication(716): (main) [14,938] Titanium Javascript runtime: v8
06-05 16:42:29.237: D/dalvikvm(716): Trying to load lib /data/data/com.appcelerator.sample.todo/lib/libstlport_shared.so 0x4101fa10
06-05 16:42:29.247: D/dalvikvm(716): Added shared lib /data/data/com.appcelerator.sample.todo/lib/libstlport_shared.so 0x4101fa10
06-05 16:42:29.267: D/dalvikvm(716): No JNI_OnLoad found in /data/data/com.appcelerator.sample.todo/lib/libstlport_shared.so 0x4101fa10, skipping init
06-05 16:42:29.267: D/dalvikvm(716): Trying to load lib /data/data/com.appcelerator.sample.todo/lib/libkroll-v8.so 0x4101fa10
06-05 16:42:29.317: E/TiLaunchActivity(716): (main) [100,1038] Android issue 2373 detected (missing intent CATEGORY_LAUNCHER or FLAG_ACTIVITY_RESET_TASK_IF_NEEDED), restarting app. com.appcelerator.sample.todo.SampleTodoActivity@4106d668
06-05 16:42:29.327: D/dalvikvm(716): Added shared lib /data/data/com.appcelerator.sample.todo/lib/libkroll-v8.so 0x4101fa10
06-05 16:42:29.536: D/dalvikvm(716): GC_FOR_ALLOC freed 89K, 6% free 6671K/7047K, paused 75ms
06-05 16:42:29.547: I/dalvikvm-heap(716): Grow heap (frag case) to 7.166MB for 614416-byte allocation
06-05 16:42:29.646: I/Process(81): Sending signal. PID: 716 SIG: 3
06-05 16:42:29.656: I/dalvikvm(716): threadid=3: reacting to signal 3
06-05 16:42:29.656: D/dalvikvm(716): GC_FOR_ALLOC freed 15K, 6% free 7256K/7687K, paused 65ms
06-05 16:42:29.726: I/dalvikvm(716): Wrote stack traces to '/data/anr/traces.txt'
06-05 16:42:29.836: I/TiRootActivity(716): (main) [0,0] checkpoint, on root activity resume. activity = com.appcelerator.sample.todo.SampleTodoActivity@4106d668
06-05 16:42:29.976: D/dalvikvm(716): GC_CONCURRENT freed 11K, 6% free 7288K/7687K, paused 7ms+8ms
06-05 16:42:30.147: I/Process(81): Sending signal. PID: 716 SIG: 3
06-05 16:42:30.157: I/dalvikvm(716): threadid=3: reacting to signal 3
06-05 16:42:30.227: I/dalvikvm(716): Wrote stack traces to '/data/anr/traces.txt'
06-05 16:42:30.477: D/gralloc_goldfish(716): Emulator without GPU emulation detected.
06-05 16:42:30.666: I/Process(81): Sending signal. PID: 716 SIG: 3
06-05 16:42:30.666: I/dalvikvm(716): threadid=3: reacting to signal 3
06-05 16:42:30.777: I/dalvikvm(716): Wrote stack traces to '/data/anr/traces.txt'
06-05 16:42:30.926: I/ActivityManager(81): Displayed com.appcelerator.sample.todo/.SampleTodoActivity: +3s351ms (total +1m47s663ms)
06-05 16:42:30.956: I/ActivityManager(81): Displayed com.android.launcher/com.android.launcher2.Launcher: +1m47s692ms
06-05 16:42:32.047: W/NetworkManagementSocketTagger(81): setKernelCountSet(10021, 0) failed with errno -2
06-05 16:42:32.596: E/TiApplication(716): (KrollRuntimeThread) [2759,2759] APP PROXY: ti.modules.titanium.app.AppModule@4101d418
06-05 16:42:32.787: W/V8Object(716): Runtime disposed, cannot set property 'userAgent'
06-05 16:44:28.176: W/SoundPool(81): sample 0 not READY
06-05 16:44:28.206: D/PhoneStatusBar(157): disable: < expand icons alerts ticker system_info BACK HOME recent* CLOCK
> 06-05 16:44:28.387: I/ARMAssembler(36): generated scanline__00000077:03515104_00009002_00000000 [127 ipp] (149 ins) at [0x4125b818:0x4125ba6c] in 2579000 ns
06-05 16:44:28.397: D/PhoneStatusBar(157): disable: < expand icons alerts ticker system_info back* home* recent clock*
> 06-05 16:44:28.397: V/PhoneStatusBar(157): setLightsOn(true)
06-05 16:44:28.487: I/ARMAssembler(36): generated scanline__00000077:03515104_00009001_00000000 [131 ipp] (153 ins) at [0x4125ba70:0x4125bcd4] in 1068000 ns
06-05 16:44:28.757: I/dalvikvm(81): Jit: resizing JitTable from 4096 to 8192
06-05 16:44:31.807: W/WindowManager(81): Failure taking screenshot for (120x180) to layer 21010
06-05 16:44:31.847: W/NetworkManagementSocketTagger(81): setKernelCountSet(10021, 1) failed with errno -2
06-05 16:44:32.686: W/NetworkManagementSocketTagger(81): setKernelCountSet(10045, 0) failed with errno -2
06-05 16:44:32.686: I/ActivityManager(81): No longer want com.android.exchange (pid 483): hidden #16
06-05 16:44:33.256: I/ActivityManager(81): START {act=android.intent.action.MAIN cat=[android.intent.category.LAUNCHER] flg=0x4 cmp=com.appcelerator.sample.todo/.SampleTodoActivity (has extras)} from pid -1
06-05 16:44:33.256: W/ActivityManager(81): startActivity called from non-Activity context; forcing Intent.FLAG_ACTIVITY_NEW_TASK for: Intent { act=android.intent.action.MAIN cat=[android.intent.category.LAUNCHER] flg=0x4 cmp=com.appcelerator.sample.todo/.SampleTodoActivity (has extras) }
06-05 16:44:33.256: W/WindowManager(81): Failure taking screenshot for (120x180) to layer 21005
06-05 16:44:33.396: W/NetworkManagementSocketTagger(81): setKernelCountSet(10045, 1) failed with errno -2
06-05 16:44:33.467: I/TiRootActivity(716): (main) [0,0] checkpoint, on root activity create, savedInstanceState: null
06-05 16:44:33.597: D/TiAnalyticsDb(716): (main) [130,130] Creating Database tianalytics.db
06-05 16:44:33.637: I/TiAnalyticsDb(716): (main) [36,166] Upgrading Database from 1 to 4
06-05 16:44:33.907: I/Process(81): Sending signal. PID: 716 SIG: 3
06-05 16:44:33.907: I/dalvikvm(716): threadid=3: reacting to signal 3
06-05 16:44:34.076: I/dalvikvm(716): Wrote stack traces to '/data/anr/traces.txt'
06-05 16:44:34.396: I/Process(81): Sending signal. PID: 716 SIG: 3
06-05 16:44:34.396: I/dalvikvm(716): threadid=3: reacting to signal 3
06-05 16:44:34.447: I/dalvikvm(716): Wrote stack traces to '/data/anr/traces.txt'
06-05 16:44:34.567: D/TiFastDev(716): (main) [931,1097] Enabling Fastdev on port 58423
06-05 16:44:34.587: D/TiFastDev(716): (main) [15,1112] sent tokens successfully
06-05 16:44:34.587: D/TiFastDev(716): (main) [2,1114] Fastdev session handshake succesful.
06-05 16:44:34.587: D/TiAssetHelper(716): Fetching "app.js" with Fastdev...
06-05 16:44:34.797: D/Module(716): Loading module: ui/AppTabGroup -> Resources/ui/AppTabGroup.js
06-05 16:44:34.807: D/TiAssetHelper(716): Fetching "ui/AppTabGroup.js" with Fastdev...
06-05 16:44:34.907: I/Process(81): Sending signal. PID: 716 SIG: 3
06-05 16:44:34.907: I/dalvikvm(716): threadid=3: reacting to signal 3
06-05 16:44:34.946: D/Module(716): Loading module: ui/ListWindow -> Resources/ui/ListWindow.js
06-05 16:44:34.956: D/TiAssetHelper(716): Fetching "ui/ListWindow.js" with Fastdev...
06-05 16:44:34.966: I/dalvikvm(716): Wrote stack traces to '/data/anr/traces.txt'
06-05 16:44:35.216: D/dalvikvm(716): GC_CONCURRENT freed 914K, 14% free 6780K/7815K, paused 6ms+12ms
06-05 16:44:35.367: D/Module(716): Loading module: ui/AddWindow -> Resources/ui/AddWindow.js
06-05 16:44:35.377: D/TiAssetHelper(716): Fetching "ui/AddWindow.js" with Fastdev...
06-05 16:44:35.407: I/Process(81): Sending signal. PID: 716 SIG: 3
06-05 16:44:35.407: I/dalvikvm(716): threadid=3: reacting to signal 3
06-05 16:44:35.467: I/dalvikvm(716): Wrote stack traces to '/data/anr/traces.txt'
06-05 16:44:35.797: D/Module(716): Loading module: db -> Resources/db.js
06-05 16:44:35.807: D/TiAssetHelper(716): Fetching "db.js" with Fastdev...
06-05 16:44:35.917: I/Process(81): Sending signal. PID: 716 SIG: 3
06-05 16:44:35.927: I/dalvikvm(716): threadid=3: reacting to signal 3
06-05 16:44:35.986: I/dalvikvm(716): Wrote stack traces to '/data/anr/traces.txt'
06-05 16:44:36.206: D/TiFastDev(716): (KrollRuntimeThread) [1623,2737] sent tokens successfully
06-05 16:44:36.217: D/Module(716): Loading module: ui/AddWindow -> Resources/ui/AddWindow.js
06-05 16:44:36.266: D/TiFastDev(716): (KrollRuntimeThread) [60,2797] sent tokens successfully
06-05 16:44:36.266: D/Module(716): Loading module: db -> Resources/db.js
06-05 16:44:36.407: I/Process(81): Sending signal. PID: 716 SIG: 3
06-05 16:44:36.418: I/dalvikvm(716): threadid=3: reacting to signal 3
06-05 16:44:36.467: I/dalvikvm(716): Wrote stack traces to '/data/anr/traces.txt'
06-05 16:44:36.627: D/TiFastDev(716): (KrollRuntimeThread) [357,3154] sent tokens successfully
06-05 16:44:36.627: D/Module(716): Loading module: ui/AddWindow -> Resources/ui/AddWindow.js
06-05 16:44:36.656: D/TiFastDev(716): (KrollRuntimeThread) [27,3181] sent tokens successfully
06-05 16:44:36.656: D/Module(716): Loading module: db -> Resources/db.js
06-05 16:44:36.926: I/Process(81): Sending signal. PID: 716 SIG: 3
06-05 16:44:36.926: I/dalvikvm(716): threadid=3: reacting to signal 3
06-05 16:44:36.956: I/dalvikvm(716): Wrote stack traces to '/data/anr/traces.txt'
06-05 16:44:36.986: I/ActivityManager(81): START {cmp=com.appcelerator.sample.todo/ti.modules.titanium.ui.TiTabActivity (has extras)} from pid 716
06-05 16:44:37.176: D/dalvikvm(716): GC_FOR_ALLOC freed 168K, 13% free 6833K/7815K, paused 77ms
06-05 16:44:37.187: I/dalvikvm-heap(716): Grow heap (frag case) to 7.325MB for 614416-byte allocation
06-05 16:44:37.286: D/dalvikvm(716): GC_FOR_ALLOC freed <1K, 5% free 7432K/7815K, paused 66ms
06-05 16:44:37.437: I/Process(81): Sending signal. PID: 716 SIG: 3
06-05 16:44:37.437: I/dalvikvm(716): threadid=3: reacting to signal 3
06-05 16:44:37.497: I/dalvikvm(716): Wrote stack traces to '/data/anr/traces.txt'
06-05 16:44:37.517: D/dalvikvm(716): Trying to load lib /data/data/com.appcelerator.sample.todo/lib/libtiverify.so 0x4101fa10
06-05 16:44:37.517: D/dalvikvm(716): Added shared lib /data/data/com.appcelerator.sample.todo/lib/libtiverify.so 0x4101fa10
06-05 16:44:37.528: D/dalvikvm(716): GC_CONCURRENT freed 9K, 5% free 7436K/7815K, paused 6ms+5ms
06-05 16:44:37.557: W/ActivityManager(81): Activity pause timeout for ActivityRecord{41376380 com.appcelerator.sample.todo/.SampleTodoActivity}
06-05 16:44:37.567: I/TiRootActivity(716): (main) [0,0] checkpoint, on root activity resume. activity = com.appcelerator.sample.todo.SampleTodoActivity@4104c508
06-05 16:44:37.607: I/Process(81): Sending signal. PID: 716 SIG: 3
06-05 16:44:37.607: I/dalvikvm(716): threadid=3: reacting to signal 3
06-05 16:44:37.657: I/dalvikvm(716): Wrote stack traces to '/data/anr/traces.txt'
06-05 16:44:38.046: W/TiTabActivity(716): (main) [484,484] Notifying TiTabGroup, activity is created
06-05 16:44:38.076: V/PhoneStatusBar(157): setLightsOn(true)
06-05 16:44:38.196: I/Process(81): Sending signal. PID: 716 SIG: 3
06-05 16:44:38.196: I/dalvikvm(716): threadid=3: reacting to signal 3
06-05 16:44:38.236: I/dalvikvm(716): Wrote stack traces to '/data/anr/traces.txt'
06-05 16:44:38.377: D/TiUIView(716): (main) [328,812] Nativeview is null
06-05 16:44:38.687: I/Process(81): Sending signal. PID: 716 SIG: 3
06-05 16:44:38.697: I/dalvikvm(716): threadid=3: reacting to signal 3
06-05 16:44:38.747: I/dalvikvm(716): Wrote stack traces to '/data/anr/traces.txt'
06-05 16:44:38.977: D/dalvikvm(716): GREF has increased to 201
06-05 16:44:39.196: I/Process(81): Sending signal. PID: 716 SIG: 3
06-05 16:44:39.196: I/dalvikvm(716): threadid=3: reacting to signal 3
06-05 16:44:39.266: I/dalvikvm(716): Wrote stack traces to '/data/anr/traces.txt'
06-05 16:44:39.406: I/ActivityManager(81): Displayed com.appcelerator.sample.todo/ti.modules.titanium.ui.TiTabActivity: +1s723ms (total +6s19ms)
06-05 16:44:39.427: D/TiUIView(716): (main) [1051,1863] Nativeview is null
06-05 16:44:39.847: W/NetworkManagementSocketTagger(81): setKernelCountSet(10021, 0) failed with errno -2
06-05 16:45:04.576: W/TiAnalyticsSvc(716): (Thread-91) [25153,27016] Analytics Service Started
06-05 16:45:04.706: I/TiAnalyticsSvc(716): (Thread-91) [127,27143] Sending 2 analytics events.
06-05 16:45:04.847: D/dalvikvm(716): GC_CONCURRENT freed 250K, 5% free 7626K/8007K, paused 6ms+8ms
06-05 16:45:04.887: E/SQLiteDatabase(716): close() was never explicitly called on database '/data/data/com.appcelerator.sample.todo/databases/todo'
06-05 16:45:04.887: E/SQLiteDatabase(716): android.database.sqlite.DatabaseObjectNotClosedException: Application did not close the cursor or database object that was opened here
06-05 16:45:04.887: E/SQLiteDatabase(716): at android.database.sqlite.SQLiteDatabase.(SQLiteDatabase.java:1943)
06-05 16:45:04.887: E/SQLiteDatabase(716): at android.database.sqlite.SQLiteDatabase.openDatabase(SQLiteDatabase.java:1007)
06-05 16:45:04.887: E/SQLiteDatabase(716): at android.database.sqlite.SQLiteDatabase.openDatabase(SQLiteDatabase.java:986)
06-05 16:45:04.887: E/SQLiteDatabase(716): at android.database.sqlite.SQLiteDatabase.openDatabase(SQLiteDatabase.java:962)
06-05 16:45:04.887: E/SQLiteDatabase(716): at android.database.sqlite.SQLiteDatabase.openOrCreateDatabase(SQLiteDatabase.java:1043)
06-05 16:45:04.887: E/SQLiteDatabase(716): at android.database.sqlite.SQLiteDatabase.openOrCreateDatabase(SQLiteDatabase.java:1036)
06-05 16:45:04.887: E/SQLiteDatabase(716): at android.app.ContextImpl.openOrCreateDatabase(ContextImpl.java:761)
06-05 16:45:04.887: E/SQLiteDatabase(716): at android.content.ContextWrapper.openOrCreateDatabase(ContextWrapper.java:215)
06-05 16:45:04.887: E/SQLiteDatabase(716): at ti.modules.titanium.database.DatabaseModule.open(DatabaseModule.java:72)
06-05 16:45:04.887: E/SQLiteDatabase(716): at ti.modules.titanium.database.DatabaseModule.install(DatabaseModule.java:139)
06-05 16:45:04.887: E/SQLiteDatabase(716): at org.appcelerator.kroll.runtime.v8.V8Runtime.nativeRunModule(Native Method)
06-05 16:45:04.887: E/SQLiteDatabase(716): at org.appcelerator.kroll.runtime.v8.V8Runtime.doRunModule(V8Runtime.java:146)
06-05 16:45:04.887: E/SQLiteDatabase(716): at org.appcelerator.kroll.KrollRuntime.handleMessage(KrollRuntime.java:267)
06-05 16:45:04.887: E/SQLiteDatabase(716): at org.appcelerator.kroll.runtime.v8.V8Runtime.handleMessage(V8Runtime.java:172)
06-05 16:45:04.887: E/SQLiteDatabase(716): at android.os.Handler.dispatchMessage(Handler.java:95)
06-05 16:45:04.887: E/SQLiteDatabase(716): at android.os.Looper.loop(Looper.java:137)
06-05 16:45:04.887: E/SQLiteDatabase(716): at org.appcelerator.kroll.KrollRuntime$KrollRuntimeThread.run(KrollRuntime.java:104)
06-05 16:45:06.197: W/TiAnalyticsSvc(716): (Thread-91) [1486,28629] Stopping Analytics Service
06-05 16:46:16.947: D/dalvikvm(189): GC_CONCURRENT freed 435K, 8% free 6995K/7559K, paused 6ms+6ms
06-05 16:46:17.917: D/dalvikvm(716): GC_CONCURRENT freed 359K, 6% free 7708K/8199K, paused 7ms+7ms