06-05 16:40:42.619: I/ActivityManager(81): System now ready
06-05 16:40:42.629: I/SystemServer(81): Making services ready
06-05 16:40:42.629: D/SystemServer(81): Starting service: Intent { cmp=com.android.systemui/.SystemUIService }
06-05 16:40:42.659: I/Zygote(81): Process: zygote socket opened
06-05 16:40:42.759: I/ActivityManager(81): Start proc com.android.systemui for service com.android.systemui/.SystemUIService: pid=157 uid=1000 gids={1015, 3002, 3001, 3003}
06-05 16:40:42.769: D/NetworkManagementService(81): not enabling bandwidth control
06-05 16:40:42.779: W/NetworkStats(81): problem reading network stats: java.lang.IllegalStateException: problem parsing idx 1
06-05 16:40:42.799: D/NetworkManagementService(81): Registering observer
06-05 16:40:42.879: D/NetworkManagementService(81): Registering observer
06-05 16:40:42.920: I/ActivityManager(81): Config changed: {1.0 0mcc0mnc en_US layoutdir=0 sw320dp w320dp h455dp nrml port finger qwerty/v/v tball/v s.3}
06-05 16:40:42.959: W/RecognitionManagerService(81): no available voice recognition services found
06-05 16:40:43.719: D/dalvikvm(81): GC_CONCURRENT freed 339K, 5% free 8681K/9095K, paused 8ms+31ms
06-05 16:40:43.899: W/InputManagerService(81): Ignoring setImeWindowStatus of uid 1000 token: null
06-05 16:40:44.010: I/ActivityManager(81): Start proc com.android.inputmethod.latin for service com.android.inputmethod.latin/.LatinIME: pid=174 uid=10020 gids={}
06-05 16:40:44.050: D/NetworkManagementService(81): Registering observer
06-05 16:40:44.140: V/TransportControlView(81): Create TCV com.android.internal.widget.TransportControlView@411d92e8
06-05 16:40:44.289: I/ActivityManager(81): Start proc com.android.phone for added application com.android.phone: pid=189 uid=1001 gids={3002, 3001, 3003, 1015}
06-05 16:40:44.359: I/ActivityManager(81): START {act=android.intent.action.MAIN cat=[android.intent.category.HOME] flg=0x10000000 cmp=com.android.launcher/com.android.launcher2.Launcher} from pid 0
06-05 16:40:44.639: W/ThrottleService(81): unable to find stats for iface rmnet0
06-05 16:40:44.669: I/ActivityManager(81): Start proc com.android.launcher for activity com.android.launcher/com.android.launcher2.Launcher: pid=201 uid=10021 gids={}
06-05 16:40:44.669: I/SystemServer(81): Enabled StrictMode for system server main thread.
06-05 16:40:45.689: D/SystemUIService(157): loading: class com.android.systemui.statusbar.phone.PhoneStatusBar
06-05 16:40:45.749: W/GpsLocationProvider(81): Could not open GPS configuration file /etc/gps.conf
06-05 16:40:45.759: D/SystemUIService(157): running: com.android.systemui.statusbar.phone.PhoneStatusBar@41064cc8
06-05 16:40:45.769: W/NetworkManagementSocketTagger(81): setKernelCountSet(10021, 1) failed with errno -2
06-05 16:40:45.789: D/gralloc_goldfish(81): Emulator without GPU emulation detected.
06-05 16:40:46.230: D/dalvikvm(81): GC_CONCURRENT freed 164K, 4% free 9028K/9351K, paused 8ms+52ms
06-05 16:40:46.689: I/ActivityThread(189): Pub mms: com.android.providers.telephony.MmsProvider
06-05 16:40:47.100: I/ActivityThread(189): Pub sms: com.android.providers.telephony.SmsProvider
06-05 16:40:47.160: I/ActivityThread(189): Pub telephony: com.android.providers.telephony.TelephonyProvider
06-05 16:40:47.190: I/ActivityThread(201): Pub com.android.launcher2.settings: com.android.launcher2.LauncherProvider
06-05 16:40:47.369: D/dalvikvm(157): GC_CONCURRENT freed 131K, 4% free 6766K/6983K, paused 8ms+5ms
06-05 16:40:47.549: W/TelephonyProvider(189): onCreate: confFile=/system/etc/apns-conf.xml oldCheckSum=-1
06-05 16:40:47.879: I/ActivityManager(81): Start proc com.google.process.gapps for service com.google.android.location/.NetworkLocationService: pid=231 uid=10017 gids={3003, 1015, 1007, 2001, 3006}
06-05 16:40:47.920: I/ActivityThread(189): Pub icc: com.android.phone.IccProvider
06-05 16:40:47.929: I/ActivityThread(189): Pub mms-sms: com.android.providers.telephony.MmsSmsProvider
06-05 16:40:48.020: I/dalvikvm(231): Turning on JNI app bug workarounds for target SDK version 12...
06-05 16:40:48.749: E/ActivityThread(174): Failed to find provider info for com.android.inputmethod.latin.dictionarypack
06-05 16:40:48.819: E/BinaryDictionaryGetter(174): Could not find a dictionary pack
06-05 16:40:48.899: D/dalvikvm(189): GC_CONCURRENT freed 235K, 5% free 6667K/6983K, paused 8ms+6ms
06-05 16:40:49.180: D/dalvikvm(81): GREF has increased to 201
06-05 16:40:49.339: D/dalvikvm(201): GC_CONCURRENT freed 239K, 5% free 6666K/6983K, paused 9ms+63ms
06-05 16:40:49.399: I/ActivityThread(231): Pub com.google.settings: com.google.android.gsf.settings.GoogleSettingsProvider
06-05 16:40:49.839: I/ActivityManager(81): Start proc com.android.settings for broadcast com.android.settings/.widget.SettingsAppWidgetProvider: pid=255 uid=1000 gids={1015, 3002, 3001, 3003}
06-05 16:40:49.869: I/StatusBarManagerService(81): registerStatusBar bar=com.android.internal.statusbar.IStatusBar$Stub$Proxy@41178418
06-05 16:40:49.889: D/PhoneStatusBar(157): disable: < expand icons alerts ticker system_info BACK* HOME* RECENT* CLOCK*
> 06-05 16:40:49.999: D/dalvikvm(174): GC_CONCURRENT freed 154K, 4% free 6797K/7047K, paused 8ms+9ms
06-05 16:40:50.099: W/ActivityManager(81): Unable to start service Intent { act=com.android.internal.telephony.IWapPushManager }: not found
06-05 16:40:50.339: I/ActivityManager(81): Start proc android.process.acore for content provider com.android.providers.userdictionary/.UserDictionaryProvider: pid=269 uid=10000 gids={3003, 1015}
06-05 16:40:50.529: I/Process(81): Sending signal. PID: 201 SIG: 3
06-05 16:40:50.599: I/dalvikvm(201): threadid=3: reacting to signal 3
06-05 16:40:50.929: I/dalvikvm(201): Wrote stack traces to '/data/anr/traces.txt'
06-05 16:40:50.949: I/Process(81): Sending signal. PID: 201 SIG: 3
06-05 16:40:51.040: I/dalvikvm(201): threadid=3: reacting to signal 3
06-05 16:40:51.160: I/dalvikvm(201): Wrote stack traces to '/data/anr/traces.txt'
06-05 16:40:51.339: I/ActivityThread(231): Pub com.google.android.gsf.gservices: com.google.android.gsf.gservices.GservicesProvider
06-05 16:40:51.419: I/GservicesProvider(231): Gservices pushing to system: true; secure: true
06-05 16:40:51.439: I/ActivityThread(231): Pub subscribedfeeds: com.google.android.gsf.subscribedfeeds.SubscribedFeedsProvider
06-05 16:40:51.849: D/(189): [ApnContext] set reason as dataEnabled, for type default,current state IDLE
06-05 16:40:51.869: D/(189): [ApnContext] set reason as dataEnabled, for type mms,current state IDLE
06-05 16:40:51.879: D/StorageNotification(157): Startup with UMS connection false (media state unmounted)
06-05 16:40:51.919: D/(189): [ApnContext] set reason as dataEnabled, for type supl,current state IDLE
06-05 16:40:51.939: D/(189): [ApnContext] set reason as dataEnabled, for type hipri,current state IDLE
06-05 16:40:51.999: D/(189): [ApnContext] set reason as dataEnabled, for type fota,current state IDLE
06-05 16:40:52.040: I/StorageNotification(157): UMS connection changed to false (media state unmounted)
06-05 16:40:52.090: D/(189): [ApnContext] set reason as dataEnabled, for type ims,current state IDLE
06-05 16:40:52.139: I/Process(81): Sending signal. PID: 201 SIG: 3
06-05 16:40:52.139: I/dalvikvm(201): threadid=3: reacting to signal 3
06-05 16:40:52.139: D/(189): [ApnContext] set reason as dataEnabled, for type cbs,current state IDLE
06-05 16:40:52.250: D/SystemUIService(157): loading: class com.android.systemui.power.PowerUI
06-05 16:40:52.280: D/SystemUIService(157): running: com.android.systemui.power.PowerUI@4109c060
06-05 16:40:52.380: I/dalvikvm(201): Wrote stack traces to '/data/anr/traces.txt'
06-05 16:40:52.409: I/ActivityThread(231): Pub com.google.android.providers.talk: com.google.android.gsf.talk.TalkProvider
06-05 16:40:52.609: D/CAT(189): CatService: Running CAT service. STK app installed:false
06-05 16:40:52.609: D/CAT(189): CatService: NEW sInstance
06-05 16:40:52.669: I/ActivityThread(269): Pub com.android.voicemail: com.android.providers.contacts.VoicemailContentProvider
06-05 16:40:52.759: D/CallManager(189): registerPhone(GSM Handler (com.android.internal.telephony.PhoneProxy) {41045330})
06-05 16:40:53.010: D/dalvikvm(81): GREF has increased to 301
06-05 16:40:53.040: I/Process(81): Sending signal. PID: 201 SIG: 3
06-05 16:40:53.059: I/dalvikvm(201): threadid=3: reacting to signal 3
06-05 16:40:53.130: D/WifiService(81): New client listening to asynchronous messages
06-05 16:40:53.260: I/dalvikvm(201): Wrote stack traces to '/data/anr/traces.txt'
06-05 16:40:53.549: I/Process(81): Sending signal. PID: 201 SIG: 3
06-05 16:40:53.549: I/dalvikvm(201): threadid=3: reacting to signal 3
06-05 16:40:53.749: I/dalvikvm(201): Wrote stack traces to '/data/anr/traces.txt'
06-05 16:40:53.779: I/ActivityThread(269): Pub com.android.social: com.android.providers.contacts.SocialProvider
06-05 16:40:53.869: D/NetworkLocationService(231): onCreate com.google.android.location.NetworkLocationService@41072d38
06-05 16:40:53.879: W/ActivityManager(81): Unable to start service Intent { act=com.android.ussd.IExtendedNetworkService }: not found
06-05 16:40:53.959: I/ActivityThread(269): Pub applications: com.android.providers.applications.ApplicationsProvider
06-05 16:40:54.019: I/Process(81): Sending signal. PID: 201 SIG: 3
06-05 16:40:54.019: I/dalvikvm(201): threadid=3: reacting to signal 3
06-05 16:40:54.320: I/dalvikvm(201): Wrote stack traces to '/data/anr/traces.txt'
06-05 16:40:54.549: I/Process(81): Sending signal. PID: 201 SIG: 3
06-05 16:40:54.549: I/dalvikvm(201): threadid=3: reacting to signal 3
06-05 16:40:54.719: I/dalvikvm(201): Wrote stack traces to '/data/anr/traces.txt'
06-05 16:40:54.819: D/NetworkLocationClient(231): ANDROID minProtocolVersion 1 maxProtocolVersion 1 releaseVersion -1
06-05 16:40:54.819: D/NetworkLocationClient(231): binding to Intent { act=com.google.android.location.internal.ANDROID_NLP }
06-05 16:40:55.040: I/Process(81): Sending signal. PID: 201 SIG: 3
06-05 16:40:55.040: I/dalvikvm(201): threadid=3: reacting to signal 3
06-05 16:40:55.549: I/Process(81): Sending signal. PID: 201 SIG: 3
06-05 16:40:55.569: D/dalvikvm(231): GC_CONCURRENT freed 290K, 6% free 6646K/7047K, paused 9ms+66ms
06-05 16:40:55.609: I/dalvikvm(201): Wrote stack traces to '/data/anr/traces.txt'
06-05 16:40:55.619: D/AlarmManagerService(81): Kernel timezone updated to 420 minutes west of GMT
06-05 16:40:55.619: I/dalvikvm(201): threadid=3: reacting to signal 3
06-05 16:40:54.756: W/SystemClock(189): Unable to set rtc to 1338939654: Invalid argument
06-05 16:40:54.786: W/ActivityManager(81): Activity idle timeout for ActivityRecord{4121c950 com.android.launcher/com.android.launcher2.Launcher}
06-05 16:40:54.797: I/dalvikvm(201): Wrote stack traces to '/data/anr/traces.txt'
06-05 16:40:54.899: I/ActivityManager(81): Start proc com.android.calendar for broadcast com.android.calendar/.widget.CalendarAppWidgetService$CalendarFactory: pid=304 uid=10004 gids={3003}
06-05 16:40:55.177: D/PowerManagerService(81): bootCompleted
06-05 16:40:55.510: V/DevicePolicyManagerService(81): Sending password expiration notifications for action android.intent.action.BOOT_COMPLETED
06-05 16:40:55.576: D/VoldCmdListener(31): volume mount /mnt/sdcard
06-05 16:40:55.746: I/Vold(31): /dev/block/vold/179:0 being considered for volume sdcard
06-05 16:40:55.746: D/Vold(31): Volume sdcard state changing 1 (Idle-Unmounted) -> 3 (Checking)
06-05 16:40:55.776: D/MountService(81): volume state changed for /mnt/sdcard (unmounted -> checking)
06-05 16:40:55.806: I/SearchManagerService(81): Building list of searchable activities
06-05 16:40:55.866: E/SoundPool(81): error loading /system/media/audio/ui/Effect_Tick.ogg
06-05 16:40:55.866: W/AudioService(81): Soundpool could not load file: /system/media/audio/ui/Effect_Tick.ogg
06-05 16:40:55.866: E/SoundPool(81): error loading /system/media/audio/ui/Effect_Tick.ogg
06-05 16:40:55.866: W/AudioService(81): Soundpool could not load file: /system/media/audio/ui/Effect_Tick.ogg
06-05 16:40:55.866: E/SoundPool(81): error loading /system/media/audio/ui/Effect_Tick.ogg
06-05 16:40:55.866: W/AudioService(81): Soundpool could not load file: /system/media/audio/ui/Effect_Tick.ogg
06-05 16:40:55.866: E/SoundPool(81): error loading /system/media/audio/ui/Effect_Tick.ogg
06-05 16:40:55.866: W/AudioService(81): Soundpool could not load file: /system/media/audio/ui/Effect_Tick.ogg
06-05 16:40:55.876: E/SoundPool(81): error loading /system/media/audio/ui/Effect_Tick.ogg
06-05 16:40:55.876: W/AudioService(81): Soundpool could not load file: /system/media/audio/ui/Effect_Tick.ogg
06-05 16:40:55.876: E/SoundPool(81): error loading /system/media/audio/ui/KeypressStandard.ogg
06-05 16:40:55.876: W/AudioService(81): Soundpool could not load file: /system/media/audio/ui/KeypressStandard.ogg
06-05 16:40:55.876: E/SoundPool(81): error loading /system/media/audio/ui/KeypressSpacebar.ogg
06-05 16:40:55.876: W/AudioService(81): Soundpool could not load file: /system/media/audio/ui/KeypressSpacebar.ogg
06-05 16:40:55.876: E/SoundPool(81): error loading /system/media/audio/ui/KeypressDelete.ogg
06-05 16:40:55.876: W/AudioService(81): Soundpool could not load file: /system/media/audio/ui/KeypressDelete.ogg
06-05 16:40:55.876: E/SoundPool(81): error loading /system/media/audio/ui/KeypressReturn.ogg
06-05 16:40:55.876: W/AudioService(81): Soundpool could not load file: /system/media/audio/ui/KeypressReturn.ogg
06-05 16:40:55.909: D/SystemClock(189): Setting time of day to sec=1338939654
06-05 16:40:55.911: D/MountService(81): sendStorageIntent Intent { act=android.intent.action.MEDIA_CHECKING dat=file:///mnt/sdcard (has extras) }
06-05 16:40:56.097: W/AudioService(81): loadSoundEffects(), Error -1 while loading samples
06-05 16:40:57.367: D/dalvikvm(189): GC_CONCURRENT freed 337K, 7% free 6796K/7239K, paused 7ms+52ms
06-05 16:40:57.547: D/dalvikvm(157): GC_FOR_ALLOC freed 117K, 3% free 6991K/7175K, paused 1019ms
06-05 16:40:57.646: D/NetworkLocationService(231): onBind com.google.android.location.GeocodeProvidercom.google.android.location.NetworkLocationService@41072d38
06-05 16:40:57.716: V/WiredAccessoryObserver(81): init()
06-05 16:40:57.836: W/WiredAccessoryObserver(81): This kernel does not have wired headset support
06-05 16:40:57.997: I/dalvikvm-heap(157): Grow heap (frag case) to 9.819MB for 3072016-byte allocation
06-05 16:40:58.067: I//system/bin/fsck_msdos(31): ** /dev/block/vold/179:0
06-05 16:40:58.197: D/dalvikvm(269): GC_CONCURRENT freed 336K, 7% free 6589K/7047K, paused 28ms+35ms
06-05 16:40:58.257: D/dalvikvm(157): GC_CONCURRENT freed 7K, 2% free 9983K/10183K, paused 8ms+27ms
06-05 16:40:58.337: I//system/bin/fsck_msdos(31): ** Phase 1 - Read and Compare FATs
06-05 16:40:58.377: I//system/bin/fsck_msdos(31): Attempting to allocate 508 KB for FAT
06-05 16:40:58.606: D/dalvikvm(157): GC_FOR_ALLOC freed 0K, 2% free 9983K/10183K, paused 79ms
06-05 16:40:58.636: I/dalvikvm-heap(157): Grow heap (frag case) to 10.984MB for 1228816-byte allocation
06-05 16:40:58.746: D/dalvikvm(157): GC_CONCURRENT freed 0K, 2% free 11184K/11399K, paused 6ms+7ms
06-05 16:40:58.907: D/gralloc_goldfish(157): Emulator without GPU emulation detected.
06-05 16:40:58.986: D/dalvikvm(81): GC_CONCURRENT freed 460K, 6% free 9284K/9799K, paused 12ms+15ms
06-05 16:40:59.067: W/WiredAccessoryObserver(81): This kernel does not have wired headset support
06-05 16:40:59.117: I/ActivityThread(269): Pub contacts;com.android.contacts: com.android.providers.contacts.ContactsProvider2
06-05 16:40:59.337: W/WiredAccessoryObserver(81): This kernel does not have wired headset support
06-05 16:40:59.918: D/dalvikvm(201): GC_CONCURRENT freed 192K, 4% free 6956K/7239K, paused 6ms+50ms
06-05 16:41:00.956: I/ActivityThread(269): Pub call_log: com.android.providers.contacts.CallLogProvider
06-05 16:41:01.347: I/ActivityThread(269): Pub user_dictionary: com.android.providers.userdictionary.UserDictionaryProvider
06-05 16:41:02.766: I/SurfaceFlinger(36): Boot is finished (51701 ms)
06-05 16:41:03.117: I/StorageNotification(157): Media {/mnt/sdcard} state changed from {unmounted} -> {checking}
06-05 16:41:03.936: D/dalvikvm(231): GC_CONCURRENT freed 474K, 8% free 6699K/7239K, paused 6ms+78ms
06-05 16:41:04.062: I/ActivityThread(304): Pub com.android.calendar.CalendarRecentSuggestionsProvider: com.android.calendar.CalendarRecentSuggestionsProvider
06-05 16:41:04.417: D/androidInternalNlpService(231): onCreate com.google.android.location.internal.server.NetworkLocationService@4102e840
06-05 16:41:04.557: D/dalvikvm(81): GC_EXPLICIT freed 559K, 7% free 9397K/10055K, paused 8ms+35ms
06-05 16:41:04.656: D/androidNlpServiceThread(231): ANDROID minProtocolVersion 1 maxProtocolVersion 1 releaseVersion -1
06-05 16:41:04.686: D/NetworkLocationRealOs(231): ------------------------ reading cache.cell
06-05 16:41:04.706: D/NetworkLocationRealOs(231): no cache.cell found; not migrating
06-05 16:41:04.736: W/ActivityManager(81): Timeout of broadcast BroadcastRecord{41319250 android.intent.action.TIME_SET} - receiver=android.os.BinderProxy@4132bf28, started 10002ms ago
06-05 16:41:04.736: W/ActivityManager(81): Receiver during timeout: ResolveInfo{41318f20 com.android.calendar.widget.CalendarAppWidgetService$CalendarFactory p=0 o=0 m=0x108000}
06-05 16:41:04.756: D/NetworkLocationRealOs(231): ------------------------ reading cache.wifi
06-05 16:41:04.766: D/NetworkLocationRealOs(231): no cache.wifi found; not migrating
06-05 16:41:05.036: I/ActivityManager(81): Start proc com.android.deskclock for broadcast com.android.deskclock/.AlarmInitReceiver: pid=348 uid=10011 gids={}
06-05 16:41:05.357: D/NetworkLocationClient(231): onServiceConnected to ComponentInfo{com.google.android.location/com.google.android.location.internal.server.NetworkLocationService}
06-05 16:41:05.626: I/Process(81): Sending signal. PID: 304 SIG: 3
06-05 16:41:05.626: I/dalvikvm(304): threadid=3: reacting to signal 3
06-05 16:41:05.826: I/dalvikvm(304): Wrote stack traces to '/data/anr/traces.txt'
06-05 16:41:05.826: I/Process(81): Sending signal. PID: 81 SIG: 3
06-05 16:41:05.826: I/dalvikvm(81): threadid=3: reacting to signal 3
06-05 16:41:05.987: D/dalvikvm(37): GC_EXPLICIT freed 34K, 5% free 6474K/6787K, paused 5ms+5ms
06-05 16:41:06.287: D/dalvikvm(37): GC_EXPLICIT freed <1K, 5% free 6474K/6787K, paused 4ms+4ms
06-05 16:41:06.417: I/dalvikvm(81): Wrote stack traces to '/data/anr/traces.txt'
06-05 16:41:06.417: I/Process(81): Sending signal. PID: 157 SIG: 3
06-05 16:41:06.417: I/dalvikvm(157): threadid=3: reacting to signal 3
06-05 16:41:06.557: I/dalvikvm(157): Wrote stack traces to '/data/anr/traces.txt'
06-05 16:41:06.557: I/Process(81): Sending signal. PID: 189 SIG: 3
06-05 16:41:06.557: I/dalvikvm(189): threadid=3: reacting to signal 3
06-05 16:41:06.717: D/CAT(189): CatService: SIM ready. Reporting STK service running now...
06-05 16:41:06.816: I/dalvikvm(189): Wrote stack traces to '/data/anr/traces.txt'
06-05 16:41:06.976: D/dalvikvm(37): GC_EXPLICIT freed <1K, 5% free 6474K/6787K, paused 12ms+4ms
06-05 16:41:07.447: I/ActivityThread(348): Pub com.android.deskclock: com.android.deskclock.AlarmProvider
06-05 16:41:08.517: D/androidNetworkLocationListeners(231): Still have listener com.google.android.location.internal.client.NetworkLocationClient$1@4107eb50
06-05 16:41:08.776: A/NetworkStats(81): problem reading network stats
06-05 16:41:08.776: A/NetworkStats(81): java.lang.IllegalStateException: problem parsing idx 1
06-05 16:41:08.776: A/NetworkStats(81): at com.android.internal.net.NetworkStatsFactory.readNetworkStatsDetail(NetworkStatsFactory.java:300)
06-05 16:41:08.776: A/NetworkStats(81): at com.android.server.NetworkManagementService.getNetworkStatsUidDetail(NetworkManagementService.java:1282)
06-05 16:41:08.776: A/NetworkStats(81): at com.android.server.net.NetworkStatsService.performPollLocked(NetworkStatsService.java:831)
06-05 16:41:08.776: A/NetworkStats(81): at com.android.server.net.NetworkStatsService.updateIfacesLocked(NetworkStatsService.java:743)
06-05 16:41:08.776: A/NetworkStats(81): at com.android.server.net.NetworkStatsService.updateIfaces(NetworkStatsService.java:721)
06-05 16:41:08.776: A/NetworkStats(81): at com.android.server.net.NetworkStatsService.access$000(NetworkStatsService.java:128)
06-05 16:41:08.776: A/NetworkStats(81): at com.android.server.net.NetworkStatsService$8.handleMessage(NetworkStatsService.java:1633)
06-05 16:41:08.776: A/NetworkStats(81): at android.os.Handler.dispatchMessage(Handler.java:95)
06-05 16:41:08.776: A/NetworkStats(81): at android.os.Looper.loop(Looper.java:137)
06-05 16:41:08.776: A/NetworkStats(81): at android.os.HandlerThread.run(HandlerThread.java:60)
06-05 16:41:08.776: A/NetworkStats(81): Caused by: java.io.FileNotFoundException: /proc/net/xt_qtaguid/stats: open failed: ENOENT (No such file or directory)
06-05 16:41:08.776: A/NetworkStats(81): at libcore.io.IoBridge.open(IoBridge.java:406)
06-05 16:41:08.776: A/NetworkStats(81): at java.io.FileInputStream.(FileInputStream.java:78)
06-05 16:41:08.776: A/NetworkStats(81): at com.android.internal.net.NetworkStatsFactory.readNetworkStatsDetail(NetworkStatsFactory.java:269)
06-05 16:41:08.776: A/NetworkStats(81): ... 9 more
06-05 16:41:08.776: A/NetworkStats(81): Caused by: libcore.io.ErrnoException: open failed: ENOENT (No such file or directory)
06-05 16:41:08.776: A/NetworkStats(81): at libcore.io.Posix.open(Native Method)
06-05 16:41:08.776: A/NetworkStats(81): at libcore.io.BlockGuardOs.open(BlockGuardOs.java:110)
06-05 16:41:08.776: A/NetworkStats(81): at libcore.io.IoBridge.open(IoBridge.java:390)
06-05 16:41:08.776: A/NetworkStats(81): ... 11 more
06-05 16:41:08.907: V/AlarmClock(348): AlarmInitReceiver finished
06-05 16:41:09.377: D/dalvikvm(81): GC_CONCURRENT freed 744K, 8% free 9429K/10247K, paused 9ms+16ms
06-05 16:41:11.076: D/MccTable(189): updateMccMncConfiguration: mcc=310, mnc=260
06-05 16:41:11.076: D/MccTable(189): locale set to en_us
06-05 16:41:11.076: D/MccTable(189): WIFI_COUNTRY_CODE set to us
06-05 16:41:11.137: I/WifiService(81): WifiService trying to set country code to us with persist set to true
06-05 16:41:11.157: I/ActivityManager(81): Config changed: {1.0 310mcc260mnc en_US layoutdir=0 sw320dp w320dp h455dp nrml port finger qwerty/v/v tball/v s.4}
06-05 16:41:11.327: D/dalvikvm(81): GC_EXPLICIT freed 278K, 8% free 9429K/10247K, paused 38ms+35ms
06-05 16:41:11.397: W/SurfaceFlinger(36): createScreenshotSurface failed (Function not implemented)
06-05 16:41:11.637: D/dalvikvm(231): GC_CONCURRENT freed 410K, 7% free 6828K/7303K, paused 7ms+131ms
06-05 16:41:11.956: D/dalvikvm(189): GC_CONCURRENT freed 343K, 6% free 6929K/7367K, paused 18ms+6ms
06-05 16:41:12.147: I/ActivityManager(81): Start proc com.android.contacts for broadcast com.android.contacts/.calllog.CallLogReceiver: pid=389 uid=10000 gids={3003, 1015}
06-05 16:41:12.976: I/Process(81): Sending signal. PID: 231 SIG: 3
06-05 16:41:13.036: I/dalvikvm(231): threadid=3: reacting to signal 3
06-05 16:41:13.177: I/Process(81): Sending signal. PID: 255 SIG: 3
06-05 16:41:13.427: I/dalvikvm(255): threadid=3: reacting to signal 3
06-05 16:41:13.547: D/dalvikvm(189): GC_CONCURRENT freed 427K, 8% free 7016K/7559K, paused 6ms+6ms
06-05 16:41:13.756: E/ActivityManager(81): Start proc com.android.contacts for broadcast com.android.contacts/.calllog.CallLogReceiver: pid=389 uid=10000 gids={3003, 1015}Load: 5.27 / 1.32 / 0.44
06-05 16:41:13.756: E/ActivityManager(81): CPU usage from 0ms to 8332ms later:
06-05 16:41:13.756: E/ActivityManager(81): 34% 81/system_server: 24% user + 10% kernel / faults: 1339 minor 3 major
06-05 16:41:13.756: E/ActivityManager(81): 17% 189/com.android.phone: 13% user + 4.5% kernel / faults: 1001 minor
06-05 16:41:13.756: E/ActivityManager(81): 10% 157/com.android.systemui: 7.7% user + 2.2% kernel / faults: 740 minor
06-05 16:41:13.756: E/ActivityManager(81): 8.5% 36/surfaceflinger: 7.8% user + 0.7% kernel / faults: 4 minor
06-05 16:41:13.756: E/ActivityManager(81): 6% 231/com.google.process.gapps: 3.8% user + 2.1% kernel / faults: 346 minor 1 major
06-05 16:41:13.756: E/ActivityManager(81): 5.8% 348/zygote: 3.1% user + 2.7% kernel / faults: 2850 minor 4 major
06-05 16:41:13.756: E/ActivityManager(81): 3.1% 37/zygote: 3% user + 0.1% kernel / faults: 172 minor
06-05 16:41:13.756: E/ActivityManager(81): 1.6% 304/com.android.calendar: 1.2% user + 0.4% kernel / faults: 347 minor 2 major
06-05 16:41:13.756: E/ActivityManager(81): 1.2% 35/rild: 0% user + 1.2% kernel / faults: 2 minor
06-05 16:41:13.756: E/ActivityManager(81): 0.7% 45/adbd: 0.1% user + 0.6% kernel / faults: 67 minor
06-05 16:41:13.756: E/ActivityManager(81): 0.2% 174/com.android.inputmethod.latin: 0.1% user + 0.1% kernel / faults: 4 minor
06-05 16:41:13.756: E/ActivityManager(81): 0.2% 201/com.android.launcher: 0.2% user + 0% kernel / faults: 3 minor
06-05 16:41:13.756: E/ActivityManager(81): 0% 1//init: 0% user + 0% kernel
06-05 16:41:13.756: E/ActivityManager(81): 0.1% 42/logcat: 0% user + 0.1% kernel
06-05 16:41:13.756: E/ActivityManager(81): 0% 255/com.android.settings: 0% user + 0% kernel / faults: 19 minor
06-05 16:41:13.756: E/ActivityManager(81): 0.1% 320/fsck_msdos: 0.1% user + 0% kernel / faults: 148 minor
06-05 16:41:13.756: E/ActivityManager(81): +0% 389/com.android.contacts: 0% user + 0% kernel
06-05 16:41:13.756: E/ActivityManager(81): 100% TOTAL: 69% user + 30% kernel + 0.1% softirq
06-05 16:41:13.756: E/ActivityManager(81): CPU usage from 6303ms to 7542ms later:
06-05 16:41:13.756: E/ActivityManager(81): 34% 189/com.android.phone: 25% user + 8.7% kernel / faults: 300 minor
06-05 16:41:13.756: E/ActivityManager(81): 24% 189/m.android.phone: 20% user + 3.2% kernel
06-05 16:41:13.756: E/ActivityManager(81): 6.5% 198/Compiler: 2.1% user + 4.3% kernel
06-05 16:41:13.756: E/ActivityManager(81): 1% 192/GC: 1% user + 0% kernel
06-05 16:41:13.756: E/ActivityManager(81): 1% 200/FinalizerDaemon: 1% user + 0% kernel
06-05 16:41:13.756: E/ActivityManager(81): 1% 253/RILReceiver: 1% user + 0% kernel
06-05 16:41:13.756: E/ActivityManager(81): +0% 402/GsmDC-1: 0% user + 0% kernel
06-05 16:41:13.756: E/ActivityManager(81): +0% 403/SyncHandler-0: 0% user + 0% kernel
06-05 16:41:13.756: E/ActivityManager(81): 28% 81/system_server: 16% user + 12% kernel / faults: 139 minor
06-05 16:41:13.756: E/ActivityManager(81): 11% 99/ActivityManager: 3.8% user + 7.6% kernel
06-05 16:41:13.756: E/ActivityManager(81): 4.8% 250/Binder Thread #: 1.9% user + 2.8% kernel
06-05 16:41:13.756: E/ActivityManager(81): 3.8% 88/Compiler: 1.9% user + 1.9% kernel
06-05 16:41:13.756: E/ActivityManager(81): 1.9% 81/system_server: 1.9% user + 0% kernel
06-05 16:41:13.756: E/ActivityManager(81): 0.9% 92/Binder Thread #: 0% user + 0.9% kernel
06-05 16:41:13.756: E/ActivityManager(81): 0.9% 93/Binder Thread #: 0.9% user + 0% kernel
06-05 16:41:13.756: E/ActivityManager(81): 0.9% 290/Binder Thread #: 0.9% user + 0% kernel
06-05 16:41:13.756: E/ActivityManager(81): 0.9% 291/Binder Thread #: 0.9% user + 0% kernel
06-05 16:41:13.756: E/ActivityManager(81): 0.9% 328/Binder Thread #: 0.9% user + 0% kernel
06-05 16:41:13.756: E/ActivityManager(81): 0.9% 329/Binder Thread #: 0.9% user + 0% kernel
06-05 16:41:13.756: E/ActivityManager(81): 3.3% 157/com.android.systemui: 2.2% user + 1.1% kernel / faults: 6 minor
06-05 16:41:13.756: E/ActivityManager(81): 2.2% 157/ndroid.systemui: 2.2% user + 0% kernel
06-05 16:41:13.756: E/ActivityManager(81): 1.6% 35/rild: 0% user + 1.6% kernel
06-05 16:41:13.756: E/ActivityManager(81): 1.6% 36/surfaceflinger: 1.6% user + 0% kernel
06-05 16:41:13.756: E/ActivityManager(81): 0.1% 37/zygote: 0% user + 0.1% kernel / faults: 67 minor
06-05 16:41:13.756: E/ActivityManager(81): 0.3% 37/zygote: 0.1% user + 0.1% kernel
06-05 16:41:13.756: E/ActivityManager(81): +0% 390/ReferenceQueueD: 0% user + 0% kernel
06-05 16:41:13.756: E/ActivityManager(81): +0% 391/FinalizerDaemon: 0% user + 0% kernel
06-05 16:41:13.756: E/ActivityManager(81): +0% 393/FinalizerWatchd: 0% user + 0% kernel
06-05 16:41:13.756: E/ActivityManager(81): 0.2% 42/logcat: 0% user + 0.2% kernel
06-05 16:41:13.756: E/ActivityManager(81): 1.2% 231/com.google.process.gapps: 1.2% user + 0% kernel / faults: 4 minor
06-05 16:41:13.756: E/ActivityManager(81): 0.3% 255/com.android.settings: 0.3% user + 0% kernel / faults: 18 minor
06-05 16:41:13.756: E/ActivityManager(81): +0% 389/com.android.contacts: 0% user + 0% kernel
06-05 16:41:13.756: E/ActivityManager(81): 100% TOTAL: 57% user + 41% kernel + 0.8% softirq
06-05 16:41:13.776: W/ActivityManager(81): Killing ProcessRecord{41319b80 304:com.android.calendar/10004}: background ANR
06-05 16:41:13.986: D/dalvikvm(81): GC_FOR_ALLOC freed 368K, 7% free 9532K/10247K, paused 177ms
06-05 16:41:14.217: D/dalvikvm(81): GC_FOR_ALLOC freed 72K, 8% free 9560K/10311K, paused 195ms
06-05 16:41:14.497: D/dalvikvm(81): GC_FOR_ALLOC freed 169K, 9% free 9581K/10439K, paused 236ms
06-05 16:41:14.497: I/dalvikvm-heap(81): Grow heap (frag case) to 9.519MB for 95952-byte allocation
06-05 16:41:14.537: I/dalvikvm(255): Wrote stack traces to '/data/anr/traces.txt'
06-05 16:41:14.657: D/dalvikvm(81): GC_FOR_ALLOC freed 5K, 9% free 9669K/10567K, paused 146ms
06-05 16:41:15.178: V/OtaStartupReceiver(189): onReceive: intent action=android.intent.action.BOOT_COMPLETED mOtaspMode=-1
06-05 16:41:15.217: D/OtaStartupReceiver(189): OTASP not supported, nothing to do.
06-05 16:41:15.816: D/ConnectivityService(81): ConnectivityChange for mobile: CONNECTED/CONNECTED
06-05 16:41:15.956: I/RecoverySystem(81): No recovery log file
06-05 16:41:15.986: I/ActivityManager(81): Start proc com.android.providers.calendar for broadcast com.android.providers.calendar/.CalendarReceiver: pid=419 uid=10005 gids={3003, 1015}
06-05 16:41:16.166: A/NetworkStats(81): problem reading network stats
06-05 16:41:16.166: A/NetworkStats(81): java.lang.IllegalStateException: problem parsing idx 1
06-05 16:41:16.166: A/NetworkStats(81): at com.android.internal.net.NetworkStatsFactory.readNetworkStatsDetail(NetworkStatsFactory.java:300)
06-05 16:41:16.166: A/NetworkStats(81): at com.android.server.NetworkManagementService.getNetworkStatsUidDetail(NetworkManagementService.java:1282)
06-05 16:41:16.166: A/NetworkStats(81): at com.android.server.net.NetworkStatsService.performPollLocked(NetworkStatsService.java:831)
06-05 16:41:16.166: A/NetworkStats(81): at com.android.server.net.NetworkStatsService.updateIfacesLocked(NetworkStatsService.java:743)
06-05 16:41:16.166: A/NetworkStats(81): at com.android.server.net.NetworkStatsService.updateIfaces(NetworkStatsService.java:721)
06-05 16:41:16.166: A/NetworkStats(81): at com.android.server.net.NetworkStatsService.access$000(NetworkStatsService.java:128)
06-05 16:41:16.166: A/NetworkStats(81): at com.android.server.net.NetworkStatsService$1.onReceive(NetworkStatsService.java:612)
06-05 16:41:16.166: A/NetworkStats(81): at android.app.LoadedApk$ReceiverDispatcher$Args.run(LoadedApk.java:728)
06-05 16:41:16.166: A/NetworkStats(81): at android.os.Handler.handleCallback(Handler.java:605)
06-05 16:41:16.166: A/NetworkStats(81): at android.os.Handler.dispatchMessage(Handler.java:92)
06-05 16:41:16.166: A/NetworkStats(81): at android.os.Looper.loop(Looper.java:137)
06-05 16:41:16.166: A/NetworkStats(81): at android.os.HandlerThread.run(HandlerThread.java:60)
06-05 16:41:16.166: A/NetworkStats(81): Caused by: java.io.FileNotFoundException: /proc/net/xt_qtaguid/stats: open failed: ENOENT (No such file or directory)
06-05 16:41:16.166: A/NetworkStats(81): at libcore.io.IoBridge.open(IoBridge.java:406)
06-05 16:41:16.166: A/NetworkStats(81): at java.io.FileInputStream.(FileInputStream.java:78)
06-05 16:41:16.166: A/NetworkStats(81): at com.android.internal.net.NetworkStatsFactory.readNetworkStatsDetail(NetworkStatsFactory.java:269)
06-05 16:41:16.166: A/NetworkStats(81): ... 11 more
06-05 16:41:16.166: A/NetworkStats(81): Caused by: libcore.io.ErrnoException: open failed: ENOENT (No such file or directory)
06-05 16:41:16.166: A/NetworkStats(81): at libcore.io.Posix.open(Native Method)
06-05 16:41:16.166: A/NetworkStats(81): at libcore.io.BlockGuardOs.open(BlockGuardOs.java:110)
06-05 16:41:16.166: A/NetworkStats(81): at libcore.io.IoBridge.open(IoBridge.java:390)
06-05 16:41:16.166: A/NetworkStats(81): ... 13 more
06-05 16:41:16.237: I/ActivityManager(81): Start proc android.process.media for content provider com.android.providers.downloads/.DownloadProvider: pid=428 uid=10013 gids={1015, 1023, 1024, 1006, 2001, 3003, 3007}
06-05 16:41:16.377: W/WindowManager(81): App freeze timeout expired.
06-05 16:41:16.377: W/WindowManager(81): Force clearing freeze: AppWindowToken{41219a20 token=Token{41187b20 ActivityRecord{4121c950 com.android.launcher/com.android.launcher2.Launcher}}}
06-05 16:41:16.557: I/ARMAssembler(36): generated scanline__00000077:03010104_00008002_00000000 [ 89 ipp] (110 ins) at [0x4125b1e8:0x4125b3a0] in 8695001 ns
06-05 16:41:16.647: I/ARMAssembler(36): generated scanline__00000077:03515104_00008001_00000000 [113 ipp] (134 ins) at [0x4125b3a8:0x4125b5c0] in 2644000 ns
06-05 16:41:16.726: I/ARMAssembler(36): generated scanline__00000077:03010104_00008004_00000000 [ 84 ipp] (103 ins) at [0x4125b5c8:0x4125b764] in 1191000 ns
06-05 16:41:16.756: I/ARMAssembler(36): generated scanline__00000077:03545404_00000000_00000000 [ 29 ipp] (43 ins) at [0x4125b768:0x4125b814] in 771000 ns
06-05 16:41:16.756: D/NetworkPolicy(81): applying policy NetworkPolicy[NetworkTemplate: matchRule=MOBILE_ALL, subscriberId=310260000000000]: cycleDay=5, warningBytes=2147483648, limitBytes=-1, lastSnooze=-1 to ifaces [eth0]
06-05 16:41:17.036: I/ActivityManager(81): Process com.android.calendar (pid 304) has died.
06-05 16:41:17.277: I/ActivityThread(419): Pub com.android.calendar: com.android.providers.calendar.CalendarProvider2
06-05 16:41:17.277: I/ActivityThread(428): Pub media: com.android.providers.media.MediaProvider
06-05 16:41:17.487: I/ActivityThread(428): Pub downloads: com.android.providers.downloads.DownloadProvider
06-05 16:41:17.647: D/dalvikvm(81): GREF has increased to 401
06-05 16:41:17.706: E/DefaultVoicemailNotifier(389): No voicemails to notify about: clear the notification.
06-05 16:41:17.776: I//system/bin/fsck_msdos(31): Attempting to allocate 508 KB for FAT
06-05 16:41:17.846: I/EventLogService(231): Aggregate from 1338937556607 (log), 1338937556607 (data)
06-05 16:41:17.867: I/dalvikvm(231): Wrote stack traces to '/data/anr/traces.txt'
06-05 16:41:18.066: I/ActivityThread(428): Pub drm: com.android.providers.drm.DrmProvider
06-05 16:41:18.066: I/DownloadManager(428): in removeSpuriousFiles
06-05 16:41:18.167: I/AccountTypeManager(389): Loaded meta-data for 1 account types, 0 accounts in 3113ms(wall) 71ms(cpu)
06-05 16:41:18.677: D/dalvikvm(81): GC_CONCURRENT freed 1106K, 12% free 9366K/10567K, paused 9ms+13ms
06-05 16:41:18.786: V/AlarmClock(348): AlarmInitReceiver finished
06-05 16:41:18.956: I/ActivityManager(81): Start proc com.android.email for broadcast com.android.email/.service.EmailBroadcastReceiver: pid=464 uid=10014 gids={3003, 1015}
06-05 16:41:19.146: D/Tethering(81): MasterInitialState.processMessage what=3
06-05 16:41:19.218: D/dalvikvm(81): GC_EXPLICIT freed 53K, 12% free 9337K/10567K, paused 10ms+27ms
06-05 16:41:19.597: I/ActivityThread(464): Pub com.android.email.provider;com.android.email.notifier: com.android.email.provider.EmailProvider
06-05 16:41:19.677: I/ActivityThread(464): Pub com.android.email.attachmentprovider: com.android.email.provider.AttachmentProvider
06-05 16:41:19.847: I/ActivityManager(81): Start proc com.android.exchange for service com.android.exchange/.ExchangeService: pid=483 uid=10015 gids={3003, 1015}
06-05 16:41:20.177: I/ActivityThread(483): Pub com.android.exchange.directory.provider: com.android.exchange.provider.ExchangeDirectoryProvider
06-05 16:41:20.476: D/ExchangeService(483): !!! EAS ExchangeService, onStartCommand, startingUp = false, running = false
06-05 16:41:20.476: D/ExchangeService(483): !!! EAS ExchangeService, onCreate
06-05 16:41:20.497: D/ExchangeService(483): !!! EAS ExchangeService, onStartCommand, startingUp = true, running = false
06-05 16:41:20.507: I//system/bin/fsck_msdos(31): ** Phase 2 - Check Cluster Chains
06-05 16:41:20.527: I//system/bin/fsck_msdos(31): ** Phase 3 - Checking Directories
06-05 16:41:20.587: I//system/bin/fsck_msdos(31): ** Phase 4 - Checking for Lost Files
06-05 16:41:20.597: I//system/bin/fsck_msdos(31): 29 files, 64467 free (128934 clusters)
06-05 16:41:20.627: I/Vold(31): Filesystem check completed OK
06-05 16:41:20.647: I/Vold(31): Device /dev/block/vold/179:0, target /mnt/sdcard mounted @ /mnt/secure/staging
06-05 16:41:20.647: D/Vold(31): Volume sdcard state changing 3 (Checking) -> 4 (Mounted)
06-05 16:41:20.657: D/MountService(81): volume state changed for /mnt/sdcard (checking -> mounted)
06-05 16:41:20.657: I/PackageManager(81): Updating external media status from unmounted to mounted
06-05 16:41:20.677: D/VoldCmdListener(31): asec list
06-05 16:41:20.687: I/PackageManager(81): No secure containers on sdcard
06-05 16:41:20.707: D/MountService(81): sendStorageIntent Intent { act=android.intent.action.MEDIA_MOUNTED dat=file:///mnt/sdcard (has extras) }
06-05 16:41:20.707: I/StorageNotification(157): Media {/mnt/sdcard} state changed from {checking} -> {mounted}
06-05 16:41:20.866: D/Eas Debug(483): Logging:
06-05 16:41:21.187: D/GpsLocationProvider(81): NTP server returned: 1338939682047 (Tue Jun 05 16:41:22 PDT 2012) reference: 85011 certainty: 36 system time offset: 878
06-05 16:41:21.197: D/dalvikvm(464): GC_CONCURRENT freed 228K, 6% free 6691K/7047K, paused 7ms+5ms
06-05 16:41:21.287: W/PackageManager(81): Unknown permission android.permission.ADD_SYSTEM_SERVICE in package com.android.phone
06-05 16:41:21.317: W/PackageManager(81): Unknown permission com.android.smspush.WAPPUSH_MANAGER_BIND in package com.android.phone
06-05 16:41:21.417: W/PackageManager(81): Unknown permission com.android.vending.billing.BILLING_ACCOUNT_SERVICE in package com.google.android.gsf.login
06-05 16:41:21.417: W/PackageManager(81): Unknown permission com.android.vending.billing.ADD_CREDIT_CARD in package com.google.android.gsf.login
06-05 16:41:21.417: W/PackageManager(81): Unknown permission com.android.vending.billing.IBillingAccountService.BIND2 in package com.google.android.gsf.login
06-05 16:41:21.467: W/PackageManager(81): Not granting permission android.permission.SEND_DOWNLOAD_COMPLETED_INTENTS to package com.android.browser (protectionLevel=2 flags=0x9be45)
06-05 16:41:21.507: W/PackageManager(81): Not granting permission android.permission.BIND_APPWIDGET to package com.android.widgetpreview (protectionLevel=3 flags=0x28be44)
06-05 16:41:21.796: D/dalvikvm(269): GC_CONCURRENT freed 187K, 5% free 6799K/7111K, paused 8ms+6ms
06-05 16:41:21.936: W/PackageManager(81): Unknown permission com.android.providers.im.permission.READ_ONLY in package com.google.android.apps.maps
06-05 16:41:21.956: W/PackageManager(81): Not granting permission android.permission.DEVICE_POWER to package com.android.deskclock (protectionLevel=2 flags=0x8be45)
06-05 16:41:24.691: I/ActivityManager(81): Start proc com.google.android.apps.maps:FriendService for broadcast com.google.android.apps.maps/com.google.googlenav.friend.android.ServiceReceiver: pid=521 uid=10024 gids={3003, 1015}
06-05 16:41:26.288: I/SystemUpdateService(231): checking for post-install intent
06-05 16:41:26.982: D/dalvikvm(521): GC_CONCURRENT freed 166K, 4% free 6813K/7047K, paused 11ms+7ms
06-05 16:41:27.716: I/SystemUpdateService(231): cancelUpdate (empty URL)
06-05 16:41:28.617: D/ExchangeService(483): !!! EAS ExchangeService, onStartCommand, startingUp = true, running = false
06-05 16:41:29.218: D/dalvikvm(521): GC_CONCURRENT freed 240K, 5% free 7090K/7431K, paused 7ms+14ms
06-05 16:41:29.266: D/ExchangeService(483): Received deviceId from Email app: androidc259148960
06-05 16:41:29.327: D/ExchangeService(483): Reconciling accounts...
06-05 16:41:29.866: I/ActivityManager(81): Start proc com.android.mms for broadcast com.android.mms/.transaction.MmsSystemEventReceiver: pid=539 uid=10025 gids={3003, 1015}
06-05 16:41:30.497: D/ExchangeService(483): !!! EAS ExchangeService, onStartCommand, startingUp = true, running = false
06-05 16:41:30.797: I/ActivityThread(539): Pub mms_temp_file: com.android.mms.TempFileProvider
06-05 16:41:30.827: I/ActivityThread(539): Pub com.android.mms.SuggestionsProvider: com.android.mms.SuggestionsProvider
06-05 16:41:31.159: I/CalendarProvider2(419): Sending notification intent: Intent { act=android.intent.action.PROVIDER_CHANGED dat=content://com.android.calendar }
06-05 16:41:31.256: W/ContentResolver(419): Failed to get type for: content://com.android.calendar (Unknown URL content://com.android.calendar)
06-05 16:41:31.377: D/CountryDetector(81): The first listener is added
06-05 16:41:31.437: V/MmsConfig(539): mnc/mcc: 310260
06-05 16:41:31.437: V/MmsConfig(539): tag: bool value: enabledMMS - true
06-05 16:41:31.471: V/MmsConfig(539): tag: int value: maxMessageSize - 307200
06-05 16:41:31.471: V/MmsConfig(539): tag: int value: maxImageHeight - 480
06-05 16:41:31.471: V/MmsConfig(539): tag: int value: maxImageWidth - 640
06-05 16:41:31.471: V/MmsConfig(539): tag: int value: defaultSMSMessagesPerThread - 500
06-05 16:41:31.471: V/MmsConfig(539): tag: int value: defaultMMSMessagesPerThread - 50
06-05 16:41:31.477: V/MmsConfig(539): tag: int value: minMessageCountPerThread - 10
06-05 16:41:31.477: V/MmsConfig(539): tag: int value: maxMessageCountPerThread - 5000
06-05 16:41:31.477: V/MmsConfig(539): tag: string value: uaProfUrl - http://www.google.com/oha/rdf/ua-profile-kila.xml
06-05 16:41:31.477: V/MmsConfig(539): tag: int value: recipientLimit - -1
06-05 16:41:31.477: V/MmsConfig(539): tag: int value: smsToMmsTextThreshold - 4
06-05 16:41:31.517: V/MmsConfig(539): tag: bool value: enableMultipartSMS - true
06-05 16:41:31.517: V/MmsConfig(539): tag: bool value: enableSlideDuration - true
06-05 16:41:31.517: V/MmsConfig(539): tag: int value: maxMessageTextSize - -1
06-05 16:41:31.956: D/dalvikvm(81): GC_CONCURRENT freed 563K, 12% free 9376K/10567K, paused 40ms+145ms
06-05 16:41:32.437: D/MmsSmsDatabaseHelper(189): [MmsSmsDb] tableName: threads hasAutoIncrement: CREATE TABLE threads (_id INTEGER PRIMARY KEY AUTOINCREMENT,date INTEGER DEFAULT 0,message_count INTEGER DEFAULT 0,recipient_ids TEXT,snippet TEXT,snippet_cs INTEGER DEFAULT 0,read INTEGER DEFAULT 1,type INTEGER DEFAULT 0,error INTEGER DEFAULT 0,has_attachment INTEGER DEFAULT 0) result: true
06-05 16:41:32.447: D/MmsSmsDatabaseHelper(189): [MmsSmsDb] tableName: canonical_addresses hasAutoIncrement: CREATE TABLE canonical_addresses (_id INTEGER PRIMARY KEY AUTOINCREMENT,address TEXT) result: true
06-05 16:41:32.447: D/MmsSmsDatabaseHelper(189): [getWritableDatabase] hasAutoIncrementThreads: true hasAutoIncrementAddresses: true
06-05 16:41:33.527: D/dalvikvm(539): GC_CONCURRENT freed 283K, 6% free 6639K/7047K, paused 44ms+5ms
06-05 16:41:35.977: D/Eas Debug(483): Logging:
06-05 16:41:36.667: D/dalvikvm(231): GC_CONCURRENT freed 375K, 7% free 6868K/7367K, paused 8ms+10ms
06-05 16:41:37.467: D/dalvikvm(81): GC_EXPLICIT freed 227K, 12% free 9355K/10567K, paused 28ms+14ms
06-05 16:41:38.537: D/dalvikvm(231): GC_CONCURRENT freed 477K, 8% free 6945K/7495K, paused 36ms+8ms
06-05 16:41:39.537: D/MediaScannerReceiver(428): action: android.intent.action.MEDIA_MOUNTED path: /mnt/sdcard
06-05 16:41:39.767: I/ActivityManager(81): Start proc com.google.android.apps.maps:LocationFriendService for broadcast com.google.android.apps.maps/com.google.googlenav.friend.reporting.LocationReportingIntentReceiver: pid=576 uid=10024 gids={3003, 1015}
06-05 16:41:40.797: D/ConnectivityService(81): handleInetConditionHoldEnd: net=0, condition=0, published condition=0
06-05 16:41:40.897: D/dalvikvm(576): GC_CONCURRENT freed 171K, 4% free 6808K/7047K, paused 16ms+7ms
06-05 16:41:41.577: I/GTalkService/c(231): [AndroidEndpoint@1090766672] connect: acct=1000000, state=CONNECTING
06-05 16:41:42.316: D/dalvikvm(576): GC_CONCURRENT freed 249K, 5% free 7110K/7431K, paused 8ms+18ms
06-05 16:41:42.667: I/System.out(576): VectorGlobalState: Server:https://mobilemaps.clients.google.com/glm/mmap Type:3
06-05 16:41:43.166: I/ActivityManager(81): Start proc com.android.calendar for broadcast com.android.calendar/.widget.CalendarAppWidgetService$CalendarFactory: pid=594 uid=10004 gids={3003}
06-05 16:41:44.647: I/ActivityThread(594): Pub com.android.calendar.CalendarRecentSuggestionsProvider: com.android.calendar.CalendarRecentSuggestionsProvider
06-05 16:41:45.346: D/dalvikvm(81): GC_CONCURRENT freed 557K, 11% free 9408K/10567K, paused 57ms+12ms
06-05 16:41:46.306: I/ActivityManager(81): START {flg=0x10040000 cmp=com.google.android.gsf/.update.SystemUpdateInstallDialog} from pid 231
06-05 16:41:46.747: I/ActivityManager(81): START {flg=0x10040000 cmp=com.google.android.gsf/.update.SystemUpdateDownloadDialog} from pid 231
06-05 16:41:46.857: V/SystemUpdateService(231): onPostExecute: false
06-05 16:41:47.238: W/ActivityManager(81): Activity pause timeout for ActivityRecord{4121c950 com.android.launcher/com.android.launcher2.Launcher}
06-05 16:41:47.256: I/Process(81): Sending signal. PID: 201 SIG: 3
06-05 16:41:47.256: I/dalvikvm(201): threadid=3: reacting to signal 3
06-05 16:41:47.316: I/dalvikvm(201): Wrote stack traces to '/data/anr/traces.txt'
06-05 16:41:47.446: W/NetworkManagementSocketTagger(81): setKernelCountSet(10017, 1) failed with errno -2
06-05 16:41:47.987: I/Process(81): Sending signal. PID: 231 SIG: 3
06-05 16:41:47.987: I/dalvikvm(231): threadid=3: reacting to signal 3
06-05 16:41:48.487: I/Process(81): Sending signal. PID: 231 SIG: 3
06-05 16:41:48.527: I/dalvikvm(231): Wrote stack traces to '/data/anr/traces.txt'
06-05 16:41:48.587: I/dalvikvm(231): threadid=3: reacting to signal 3
06-05 16:41:48.787: D/dalvikvm(231): GC_CONCURRENT freed 409K, 8% free 6958K/7495K, paused 20ms+28ms
06-05 16:41:48.859: I/dalvikvm(231): Wrote stack traces to '/data/anr/traces.txt'
06-05 16:41:50.087: I/Process(81): Sending signal. PID: 201 SIG: 3
06-05 16:41:50.109: I/dalvikvm(201): threadid=3: reacting to signal 3
06-05 16:41:50.176: I/dalvikvm(201): Wrote stack traces to '/data/anr/traces.txt'
06-05 16:41:50.557: I/Process(81): Sending signal. PID: 201 SIG: 3
06-05 16:41:50.557: I/dalvikvm(201): threadid=3: reacting to signal 3
06-05 16:41:50.597: I/dalvikvm(201): Wrote stack traces to '/data/anr/traces.txt'
06-05 16:41:50.757: D/dalvikvm(419): GC_CONCURRENT freed 311K, 7% free 6605K/7047K, paused 65ms+6ms
06-05 16:41:51.017: I/Process(81): Sending signal. PID: 201 SIG: 3
06-05 16:41:51.017: I/dalvikvm(201): threadid=3: reacting to signal 3
06-05 16:41:51.119: I/dalvikvm(201): Wrote stack traces to '/data/anr/traces.txt'
06-05 16:41:51.537: I/Process(81): Sending signal. PID: 201 SIG: 3
06-05 16:41:51.547: I/dalvikvm(201): threadid=3: reacting to signal 3
06-05 16:41:51.637: I/dalvikvm(201): Wrote stack traces to '/data/anr/traces.txt'
06-05 16:41:52.038: I/Process(81): Sending signal. PID: 201 SIG: 3
06-05 16:41:52.038: I/dalvikvm(201): threadid=3: reacting to signal 3
06-05 16:41:52.096: I/dalvikvm(201): Wrote stack traces to '/data/anr/traces.txt'
06-05 16:41:52.546: I/Process(81): Sending signal. PID: 201 SIG: 3
06-05 16:41:52.546: I/dalvikvm(201): threadid=3: reacting to signal 3
06-05 16:41:52.630: I/dalvikvm(201): Wrote stack traces to '/data/anr/traces.txt'
06-05 16:41:53.047: I/Process(81): Sending signal. PID: 201 SIG: 3
06-05 16:41:53.047: I/dalvikvm(201): threadid=3: reacting to signal 3
06-05 16:41:53.097: I/dalvikvm(201): Wrote stack traces to '/data/anr/traces.txt'
06-05 16:41:53.568: I/Process(81): Sending signal. PID: 201 SIG: 3
06-05 16:41:53.568: I/dalvikvm(201): threadid=3: reacting to signal 3
06-05 16:41:53.606: D/dalvikvm(201): GC_CONCURRENT freed 300K, 6% free 7145K/7559K, paused 14ms+19ms
06-05 16:41:53.677: I/dalvikvm(201): Wrote stack traces to '/data/anr/traces.txt'
06-05 16:41:53.967: D/Launcher.Model(201): Reload apps on config change. curr_mcc:310 prevmcc:0
06-05 16:41:54.047: I/Process(81): Sending signal. PID: 201 SIG: 3
06-05 16:41:54.047: I/dalvikvm(201): threadid=3: reacting to signal 3
06-05 16:41:54.117: I/dalvikvm(201): Wrote stack traces to '/data/anr/traces.txt'
06-05 16:41:54.316: D/gralloc_goldfish(201): Emulator without GPU emulation detected.
06-05 16:41:54.526: W/NetworkManagementSocketTagger(81): setKernelCountSet(10017, 0) failed with errno -2
06-05 16:41:55.667: D/dalvikvm(201): GC_FOR_ALLOC freed 247K, 5% free 7253K/7623K, paused 165ms
06-05 16:41:55.796: D/dalvikvm(201): GC_FOR_ALLOC freed 24K, 6% free 7380K/7815K, paused 86ms
06-05 16:41:55.897: D/dalvikvm(201): GC_FOR_ALLOC freed <1K, 6% free 7531K/8007K, paused 80ms
06-05 16:41:55.907: I/dalvikvm-heap(201): Grow heap (frag case) to 7.563MB for 153680-byte allocation
06-05 16:41:56.007: D/dalvikvm(201): GC_FOR_ALLOC freed <1K, 7% free 7681K/8199K, paused 93ms
06-05 16:41:56.177: D/dalvikvm(201): GREF has increased to 201
06-05 16:41:58.737: D/dalvikvm(231): GC_CONCURRENT freed 409K, 7% free 7002K/7495K, paused 7ms+35ms
06-05 16:41:58.787: W/MediaScanner(428): Error opening directory '/mnt/sdcard/.android_secure/', skipping: Permission denied.
06-05 16:41:59.347: D/dalvikvm(201): GC_CONCURRENT freed 157K, 4% free 7914K/8199K, paused 7ms+8ms
06-05 16:41:59.616: D/dalvikvm(428): GC_CONCURRENT freed 251K, 6% free 6669K/7047K, paused 20ms+7ms
06-05 16:41:59.647: D/ConnectivityService(81): handleInetConditionHoldEnd: net=0, condition=100, published condition=0
06-05 16:41:59.867: V/MediaScanner(428): pruneDeadThumbnailFiles... android.database.sqlite.SQLiteCursor@41083ed8
06-05 16:41:59.867: V/MediaScanner(428): /pruneDeadThumbnailFiles... android.database.sqlite.SQLiteCursor@41083ed8
